 common divisor of 54 and 14508?
18
What is the greatest common factor of 40 and 5?
5
What is the highest common divisor of 486 and 72?
18
Calculate the highest common divisor of 416 and 1092.
52
Calculate the greatest common divisor of 27 and 1845.
9
What is the highest common factor of 418 and 12331?
209
What is the highest common factor of 7088 and 64?
16
Calculate the highest common divisor of 96 and 2568.
24
What is the greatest common divisor of 180 and 2070?
90
Calculate the highest common divisor of 1728 and 54.
54
What is the greatest common factor of 96 and 780?
12
What is the highest common factor of 8 and 1216?
8
Calculate the highest common factor of 8 and 216.
8
Calculate the highest common factor of 31 and 961.
31
Calculate the highest common divisor of 11580 and 30.
30
What is the highest common factor of 7 and 1477?
7
Calculate the highest common factor of 263 and 68117.
263
Calculate the greatest common factor of 153 and 357.
51
What is the highest common divisor of 18407 and 395?
79
Calculate the highest common factor of 15 and 35.
5
What is the highest common divisor of 15 and 285?
15
What is the highest common factor of 4752 and 405?
27
Calculate the greatest common factor of 5184 and 1539.
81
Calculate the greatest common divisor of 1 and 116.
1
Calculate the greatest common divisor of 6616 and 8.
8
What is the highest common divisor of 216 and 4?
4
What is the greatest common divisor of 88 and 561?
11
What is the greatest common divisor of 2356 and 152?
76
Calculate the highest common factor of 17216 and 64.
64
What is the highest common divisor of 3610 and 3800?
190
What is the greatest common divisor of 1703 and 39?
13
Calculate the highest common factor of 5775 and 150.
75
Calculate the highest common factor of 8086 and 78.
26
Calculate the highest common divisor of 68 and 170.
34
Calculate the highest common divisor of 126 and 2250.
18
Calculate the highest common divisor of 8 and 232.
8
What is the highest common divisor of 77 and 33?
11
Calculate the highest common divisor of 151 and 1661.
151
Calculate the highest common divisor of 1248 and 1056.
96
What is the greatest common divisor of 324 and 3708?
36
Calculate the greatest common factor of 222 and 333.
111
What is the greatest common factor of 90791 and 163?
163
What is the greatest common factor of 1071 and 34?
17
What is the greatest common divisor of 210 and 315?
105
What is the highest common factor of 47 and 6016?
47
What is the greatest common divisor of 72 and 18?
18
Calculate the highest common divisor of 123 and 2214.
123
Calculate the greatest common divisor of 176 and 72.
8
Calculate the greatest common factor of 37 and 333.
37
Calculate the greatest common divisor of 66 and 1947.
33
Calculate the greatest common divisor of 126 and 28.
14
What is the highest common factor of 165 and 135?
15
What is the greatest common factor of 130 and 155?
5
What is the greatest common divisor of 5 and 335?
5
What is the highest common divisor of 180 and 75?
15
Calculate the highest common factor of 4 and 52.
4
What is the greatest common divisor of 155 and 130?
5
Calculate the highest common divisor of 20 and 460.
20
What is the greatest common factor of 17 and 34816?
17
Calculate the greatest common divisor of 54 and 270.
54
What is the highest common divisor of 873 and 27?
9
Calculate the greatest common factor of 1 and 1192.
1
Calculate the greatest common factor of 1353 and 779.
41
What is the greatest common factor of 35 and 455?
35
Calculate the greatest common factor of 93 and 217.
31
What is the greatest common factor of 40103 and 119?
119
Calculate the greatest common divisor of 30 and 85.
5
What is the highest common factor of 16 and 2804?
4
What is the highest common factor of 5625 and 2475?
225
Calculate the greatest common divisor of 2613 and 1407.
201
Calculate the greatest common divisor of 616 and 56.
56
What is the greatest common factor of 1051 and 2?
1
What is the highest common divisor of 6708 and 12?
12
Calculate the highest common factor of 16 and 3356.
4
Calculate the greatest common divisor of 12 and 3096.
12
Calculate the highest common divisor of 100 and 4220.
20
What is the highest common divisor of 108 and 96?
12
Calculate the greatest common divisor of 128 and 16.
16
What is the greatest common divisor of 1780 and 10?
10
What is the highest common divisor of 16 and 164?
4
What is the greatest common divisor of 2 and 11?
1
What is the highest common factor of 48 and 606?
6
What is the greatest common factor of 49 and 623?
7
What is the greatest common divisor of 90 and 1404?
18
Calculate the greatest common factor of 13201 and 86.
43
Calculate the highest common divisor of 3699 and 1781.
137
Calculate the highest common divisor of 1 and 37.
1
What is the greatest common divisor of 4 and 12?
4
Calculate the greatest common divisor of 576 and 54.
18
Calculate the greatest common divisor of 155 and 1.
1
What is the highest common factor of 77 and 143?
11
What is the greatest common factor of 57 and 2679?
57
Calculate the highest common factor of 24 and 831.
3
Calculate the greatest common factor of 7 and 98.
7
What is the greatest common divisor of 1955 and 765?
85
Calculate the greatest common divisor of 720 and 612.
36
Calculate the greatest common factor of 21 and 329.
7
Calculate the greatest common divisor of 4 and 972.
4
Calculate the greatest common factor of 220 and 250.
10
What is the greatest common divisor of 68 and 340?
68
Calculate the greatest common divisor of 42 and 308.
14
Calculate the highest common divisor of 492 and 615.
123
What is the highest common divisor of 171 and 81?
9
What is the greatest common divisor of 10752 and 42?
42
What is the highest common divisor of 100 and 1100?
100
What is the highest common divisor of 657 and 803?
73
What is the greatest common divisor of 2398 and 22?
22
Calculate the highest common divisor of 55 and 85.
5
What is the highest common divisor of 18 and 42?
6
Calculate the highest common divisor of 2584 and 1634.
38
Calculate the greatest common divisor of 1068 and 48.
12
Calculate the greatest common divisor of 20 and 100.
20
Calculate the greatest common factor of 380 and 610.
10
What is the highest common divisor of 1968 and 1392?
48
What is the highest common divisor of 440 and 165?
55
Calculate the highest common divisor of 82 and 1517.
41
What is the highest common divisor of 155 and 20243?
31
What is the highest common factor of 5332 and 1204?
172
What is the greatest common factor of 61201 and 49?
49
What is the greatest common factor of 4011 and 42?
21
What is the highest common factor of 680 and 7072?
136
Calculate the greatest common divisor of 376 and 472.
8
Calculate the highest common factor of 126 and 210.
42
Calculate the greatest common divisor of 1974 and 42.
42
What is the highest common divisor of 44 and 3476?
44
Calculate the highest common factor of 14 and 10402.
14
Calculate the highest common divisor of 19 and 1501.
19
Calculate the highest common divisor of 40392 and 528.
264
What is the greatest common factor of 290 and 174?
58
What is the greatest common factor of 2993 and 73?
73
Calculate the greatest common divisor of 2853 and 45.
9
What is the greatest common factor of 290 and 4640?
290
What is the highest common factor of 848 and 1219?
53
Calculate the greatest common factor of 19 and 7790.
19
Calculate the greatest common divisor of 145 and 1392.
29
What is the greatest common factor of 38 and 95?
19
What is the highest common divisor of 42 and 13006?
14
What is the greatest common divisor of 498 and 11288?
166
What is the greatest common factor of 1524 and 48?
12
Calculate the greatest common factor of 1176 and 318.
6
What is the greatest common factor of 252 and 36?
36
What is the highest common divisor of 164 and 4838?
82
Calculate the greatest common divisor of 3127 and 59.
59
What is the greatest common factor of 90 and 930?
30
Calculate the greatest common divisor of 95 and 817.
19
Calculate the greatest common divisor of 114 and 171.
57
What is the greatest common divisor of 10787 and 23?
23
What is the highest common factor of 35946 and 18?
18
What is the greatest common factor of 575 and 2415?
115
What is the highest common divisor of 43 